{"id":3198,"date":"2016-04-16T20:24:42","date_gmt":"2016-04-16T18:24:42","guid":{"rendered":"https:\/\/www.agnata.com\/il-giardino\/?lang=en"},"modified":"2020-06-10T14:42:59","modified_gmt":"2020-06-10T12:42:59","slug":"the-garden","status":"publish","type":"page","link":"https:\/\/www.agnata.com\/en\/the-garden\/","title":{"rendered":"The Garden"},"content":{"rendered":"<section  class=\"content-section full-width with-col cover no-padding no-margin    content-section-69f433597f207\"><div class=\"row vc_row-fluid\"><div class=\"wpb_column col-md-12\"><h3  class=\"banner-heading font-alt mb-30 mb-xxs-10\"  style=\"margin-top:0px;margin-bottom:16px;color:#5f5f5f;font-size:32px;font-weight:400;letter-spacing:0.2em;\">THE GARDEN<\/h3><h5  class=\"special-text custom-font-properties-69f433597f408\"><strong>So Fabrizio De Andr\u00e9 wanted it with the passionate complicity of Dori Ghezzi. The romantic pergola, the trees, plants and flowers, the study of the spaces, the Zen fountain, are a hymn to the earth. The result of an inspired care and a deep love, which can still be breathed today and offer glimpses of poetic beauty at every step.<\/strong><\/h5><\/div><\/div><\/section><section  class=\"content-section full-width with-col cover no-padding mt-70 mb-70 mt-xs-50 mb-xs-50    content-section-69f433597f4bf\"><div class=\"row vc_row-fluid\"><div class=\"wpb_column col-md-12\"><div  class=\"work-full-slider owl-carousel\"><div  class=\"full-block align-left\" ><img loading=\"lazy\" decoding=\"async\" src=\"https:\/\/www.agnata.com\/wp-content\/uploads\/2016\/04\/Il-Giardino-Agnata-02.jpg\"  width=\"1920\" height=\"1080\" alt=\"\" title=\"\" \/><\/div><div  class=\"full-block align-left\" ><img loading=\"lazy\" decoding=\"async\" src=\"https:\/\/www.agnata.com\/wp-content\/uploads\/2016\/04\/Il-Giardino-Agnata-01.jpg\"  width=\"1920\" height=\"1080\" alt=\"\" title=\"\" \/><\/div><div  class=\"full-block align-left\" ><img loading=\"lazy\" decoding=\"async\" src=\"https:\/\/www.agnata.com\/wp-content\/uploads\/2016\/04\/Il-Giardino-Agnata-03.jpg\"  width=\"1920\" height=\"1080\" alt=\"\" title=\"\" \/><\/div><div  class=\"full-block align-left\" ><img loading=\"lazy\" decoding=\"async\" src=\"https:\/\/www.agnata.com\/wp-content\/uploads\/2016\/04\/Il-Giardino-Agnata-04.jpg\"  width=\"1920\" height=\"1080\" alt=\"\" title=\"\" \/><\/div><div  class=\"full-block align-left\" ><img loading=\"lazy\" decoding=\"async\" src=\"https:\/\/www.agnata.com\/wp-content\/uploads\/2016\/04\/Il-Giardino-Agnata-05.jpg\"  width=\"1920\" height=\"1080\" alt=\"\" title=\"\" \/><\/div><div  class=\"full-block align-left\" ><img loading=\"lazy\" decoding=\"async\" src=\"https:\/\/www.agnata.com\/wp-content\/uploads\/2016\/04\/Il-Giardino-Agnata-06.jpg\"  width=\"1920\" height=\"1080\" alt=\"\" title=\"\" \/><\/div><div  class=\"full-block align-left\" ><img loading=\"lazy\" decoding=\"async\" src=\"https:\/\/www.agnata.com\/wp-content\/uploads\/2016\/04\/Il-Giardino-Agnata-07.jpg\"  width=\"1920\" height=\"1080\" alt=\"\" title=\"\" \/><\/div><div  class=\"full-block align-left\" ><img loading=\"lazy\" decoding=\"async\" src=\"https:\/\/www.agnata.com\/wp-content\/uploads\/2016\/04\/Il-Giardino-Agnata-08.jpg\"  width=\"1920\" height=\"1080\" alt=\"\" title=\"\" \/><\/div><div  class=\"full-block align-left\" ><img loading=\"lazy\" decoding=\"async\" src=\"https:\/\/www.agnata.com\/wp-content\/uploads\/2016\/04\/Il-Giardino-Agnata-09.jpg\"  width=\"1920\" height=\"1080\" alt=\"\" title=\"\" \/><\/div><\/div><\/div><\/div><\/section><section  class=\"content-section full-width with-col cover no-padding no-margin    content-section-69f4335980bd7\"><div class=\"row vc_row-fluid\"><div class=\"wpb_column col-md-12\"><div class=\"section-text text-block align-left\" style=\"font-size:15px;\"><p>We are in the green and pulsating heart of the 150 hectares of the estate. A luxuriant oasis with poetic floral geometries meticulously designed by Fabrizio De Andr\u00e9 who at l&#8217;Agnata found himself fervent and passionate gardener. The garden is a triumph of vegetation, a hymn to the beauty of nature, its colors and its scents, among pendulous birches and almond trees, lemons and asphodels, cork and gorse. Figs and camellias. It was he who covered the facade of the farmhouse with the characteristic Canadian vine, inspired by the memories of childhood and the grandmother&#8217;s house in Piedmont. He also cultivated the vegetable garden bordering the garden and designed the splendid pergola that today serves as the entrance to the hotel.<\/p>\n<p>The music of this garden is the rustle of the trees shaken by the mistral. It is the bubbling of water in the Zen fountain, obtained from an ancient goat drinking trough. It is the sound of the streams that flow behind the house and flow into the lake a few steps away, embraced by the forest of holm oaks and cork trees. Timeless music accessible to anyone with ears to listen to it.<\/p>\n<p>We talk about the garden, but maybe we could venture to call it &#8230; Eden.<\/p>\n<\/div><\/div><\/div><\/section>\n","protected":false},"excerpt":{"rendered":"THE GARDENSo Fabrizio De Andr\u00e9 wanted it with the passionate complicity of Dori Ghezzi. The romantic pergola, the trees, plants and flowers, the study of the spaces, the Zen fountain, are a hymn to the earth. The result of an inspired care and a deep love, which can still be breathed today and offer glimpses","protected":false},"author":1,"featured_media":0,"parent":0,"menu_order":0,"comment_status":"closed","ping_status":"closed","template":"","meta":{"footnotes":""},"yoast_head":"<!-- This site is optimized with the Yoast SEO plugin v20.0 - https:\/\/yoast.com\/wordpress\/plugins\/seo\/ -->\n<title>IL Giardino dell&#039;Agnata di De Andr\u00e9 | Country Hotel in Sardegna<\/title>\n<meta name=\"description\" content=\"Il giardino dell&#039;Agnata di De Andr\u00e9 (Country Chic hotel in Sardegna) fu creato da Fabrizio De Andr\u00e9. Scoprilo on-line!\" \/>\n<meta name=\"robots\" content=\"index, follow, max-snippet:-1, max-image-preview:large, max-video-preview:-1\" \/>\n<link rel=\"canonical\" href=\"https:\/\/www.agnata.com\/en\/the-garden\/\" \/>\n<meta property=\"og:locale\" content=\"en_US\" \/>\n<meta property=\"og:type\" content=\"article\" \/>\n<meta property=\"og:title\" content=\"IL Giardino dell&#039;Agnata di De Andr\u00e9 | Country Hotel in Sardegna\" \/>\n<meta property=\"og:description\" content=\"Il giardino dell&#039;Agnata di De Andr\u00e9 (Country Chic hotel in Sardegna) fu creato da Fabrizio De Andr\u00e9. Scoprilo on-line!\" \/>\n<meta property=\"og:url\" content=\"https:\/\/www.agnata.com\/en\/the-garden\/\" \/>\n<meta property=\"og:site_name\" content=\"L&#039;Agnata di De Andr\u00e9\" \/>\n<meta property=\"article:modified_time\" content=\"2020-06-10T12:42:59+00:00\" \/>\n<meta name=\"twitter:card\" content=\"summary_large_image\" \/>\n<meta name=\"twitter:label1\" content=\"Est. reading time\" \/>\n\t<meta name=\"twitter:data1\" content=\"2 minutes\" \/>\n<script type=\"application\/ld+json\" class=\"yoast-schema-graph\">{\"@context\":\"https:\/\/schema.org\",\"@graph\":[{\"@type\":\"WebPage\",\"@id\":\"https:\/\/www.agnata.com\/en\/the-garden\/\",\"url\":\"https:\/\/www.agnata.com\/en\/the-garden\/\",\"name\":\"IL Giardino dell'Agnata di De Andr\u00e9 | Country Hotel in Sardegna\",\"isPartOf\":{\"@id\":\"https:\/\/www.agnata.com\/#website\"},\"datePublished\":\"2016-04-16T18:24:42+00:00\",\"dateModified\":\"2020-06-10T12:42:59+00:00\",\"description\":\"Il giardino dell'Agnata di De Andr\u00e9 (Country Chic hotel in Sardegna) fu creato da Fabrizio De Andr\u00e9. Scoprilo on-line!\",\"breadcrumb\":{\"@id\":\"https:\/\/www.agnata.com\/en\/the-garden\/#breadcrumb\"},\"inLanguage\":\"en-US\",\"potentialAction\":[{\"@type\":\"ReadAction\",\"target\":[\"https:\/\/www.agnata.com\/en\/the-garden\/\"]}]},{\"@type\":\"BreadcrumbList\",\"@id\":\"https:\/\/www.agnata.com\/en\/the-garden\/#breadcrumb\",\"itemListElement\":[{\"@type\":\"ListItem\",\"position\":1,\"name\":\"Home\",\"item\":\"https:\/\/www.agnata.com\/en\/\"},{\"@type\":\"ListItem\",\"position\":2,\"name\":\"The Garden\"}]},{\"@type\":\"WebSite\",\"@id\":\"https:\/\/www.agnata.com\/#website\",\"url\":\"https:\/\/www.agnata.com\/\",\"name\":\"L&#039;Agnata di De Andr\u00e9\",\"description\":\"Boutique Hotel Sardinia \/ Country Chic Hotel Sardinia \/ Romantic Hotel Sardinia\",\"potentialAction\":[{\"@type\":\"SearchAction\",\"target\":{\"@type\":\"EntryPoint\",\"urlTemplate\":\"https:\/\/www.agnata.com\/?s={search_term_string}\"},\"query-input\":\"required name=search_term_string\"}],\"inLanguage\":\"en-US\"}]}<\/script>\n<!-- \/ Yoast SEO plugin. -->","yoast_head_json":{"title":"IL Giardino dell'Agnata di De Andr\u00e9 | Country Hotel in Sardegna","description":"Il giardino dell'Agnata di De Andr\u00e9 (Country Chic hotel in Sardegna) fu creato da Fabrizio De Andr\u00e9. Scoprilo on-line!","robots":{"index":"index","follow":"follow","max-snippet":"max-snippet:-1","max-image-preview":"max-image-preview:large","max-video-preview":"max-video-preview:-1"},"canonical":"https:\/\/www.agnata.com\/en\/the-garden\/","og_locale":"en_US","og_type":"article","og_title":"IL Giardino dell'Agnata di De Andr\u00e9 | Country Hotel in Sardegna","og_description":"Il giardino dell'Agnata di De Andr\u00e9 (Country Chic hotel in Sardegna) fu creato da Fabrizio De Andr\u00e9. Scoprilo on-line!","og_url":"https:\/\/www.agnata.com\/en\/the-garden\/","og_site_name":"L&#039;Agnata di De Andr\u00e9","article_modified_time":"2020-06-10T12:42:59+00:00","twitter_card":"summary_large_image","twitter_misc":{"Est. reading time":"2 minutes"},"schema":{"@context":"https:\/\/schema.org","@graph":[{"@type":"WebPage","@id":"https:\/\/www.agnata.com\/en\/the-garden\/","url":"https:\/\/www.agnata.com\/en\/the-garden\/","name":"IL Giardino dell'Agnata di De Andr\u00e9 | Country Hotel in Sardegna","isPartOf":{"@id":"https:\/\/www.agnata.com\/#website"},"datePublished":"2016-04-16T18:24:42+00:00","dateModified":"2020-06-10T12:42:59+00:00","description":"Il giardino dell'Agnata di De Andr\u00e9 (Country Chic hotel in Sardegna) fu creato da Fabrizio De Andr\u00e9. Scoprilo on-line!","breadcrumb":{"@id":"https:\/\/www.agnata.com\/en\/the-garden\/#breadcrumb"},"inLanguage":"en-US","potentialAction":[{"@type":"ReadAction","target":["https:\/\/www.agnata.com\/en\/the-garden\/"]}]},{"@type":"BreadcrumbList","@id":"https:\/\/www.agnata.com\/en\/the-garden\/#breadcrumb","itemListElement":[{"@type":"ListItem","position":1,"name":"Home","item":"https:\/\/www.agnata.com\/en\/"},{"@type":"ListItem","position":2,"name":"The Garden"}]},{"@type":"WebSite","@id":"https:\/\/www.agnata.com\/#website","url":"https:\/\/www.agnata.com\/","name":"L&#039;Agnata di De Andr\u00e9","description":"Boutique Hotel Sardinia \/ Country Chic Hotel Sardinia \/ Romantic Hotel Sardinia","potentialAction":[{"@type":"SearchAction","target":{"@type":"EntryPoint","urlTemplate":"https:\/\/www.agnata.com\/?s={search_term_string}"},"query-input":"required name=search_term_string"}],"inLanguage":"en-US"}]}},"_links":{"self":[{"href":"https:\/\/www.agnata.com\/en\/wp-json\/wp\/v2\/pages\/3198"}],"collection":[{"href":"https:\/\/www.agnata.com\/en\/wp-json\/wp\/v2\/pages"}],"about":[{"href":"https:\/\/www.agnata.com\/en\/wp-json\/wp\/v2\/types\/page"}],"author":[{"embeddable":true,"href":"https:\/\/www.agnata.com\/en\/wp-json\/wp\/v2\/users\/1"}],"replies":[{"embeddable":true,"href":"https:\/\/www.agnata.com\/en\/wp-json\/wp\/v2\/comments?post=3198"}],"version-history":[{"count":13,"href":"https:\/\/www.agnata.com\/en\/wp-json\/wp\/v2\/pages\/3198\/revisions"}],"predecessor-version":[{"id":3695,"href":"https:\/\/www.agnata.com\/en\/wp-json\/wp\/v2\/pages\/3198\/revisions\/3695"}],"wp:attachment":[{"href":"https:\/\/www.agnata.com\/en\/wp-json\/wp\/v2\/media?parent=3198"}],"curies":[{"name":"wp","href":"https:\/\/api.w.org\/{rel}","templated":true}]}}

<section  class="content-section full-width with-col cover no-padding no-margin    content-section-69f433597f207"><div class="row vc_row-fluid"><div class="wpb_column col-md-12"><h3  class="banner-heading font-alt mb-30 mb-xxs-10"  style="margin-top:0px;margin-bottom:16px;color:#5f5f5f;font-size:32px;font-weight:400;letter-spacing:0.2em;">THE GARDEN</h3><h5  class="special-text custom-font-properties-69f433597f408"><strong>So Fabrizio De André wanted it with the passionate complicity of Dori Ghezzi. The romantic pergola, the trees, plants and flowers, the study of the spaces, the Zen fountain, are a hymn to the earth. The result of an inspired care and a deep love, which can still be breathed today and offer glimpses of poetic beauty at every step.</strong></h5></div></div></section><section  class="content-section full-width with-col cover no-padding mt-70 mb-70 mt-xs-50 mb-xs-50    content-section-69f433597f4bf"><div class="row vc_row-fluid"><div class="wpb_column col-md-12"><div  class="work-full-slider owl-carousel"><div  class="full-block align-left" ><img loading="lazy" decoding="async" src="https://www.agnata.com/wp-content/uploads/2016/04/Il-Giardino-Agnata-02.jpg"  width="1920" height="1080" alt="" title="" /></div><div  class="full-block align-left" ><img loading="lazy" decoding="async" src="https://www.agnata.com/wp-content/uploads/2016/04/Il-Giardino-Agnata-01.jpg"  width="1920" height="1080" alt="" title="" /></div><div  class="full-block align-left" ><img loading="lazy" decoding="async" src="https://www.agnata.com/wp-content/uploads/2016/04/Il-Giardino-Agnata-03.jpg"  width="1920" height="1080" alt="" title="" /></div><div  class="full-block align-left" ><img loading="lazy" decoding="async" src="https://www.agnata.com/wp-content/uploads/2016/04/Il-Giardino-Agnata-04.jpg"  width="1920" height="1080" alt="" title="" /></div><div  class="full-block align-left" ><img loading="lazy" decoding="async" src="https://www.agnata.com/wp-content/uploads/2016/04/Il-Giardino-Agnata-05.jpg"  width="1920" height="1080" alt="" title="" /></div><div  class="full-block align-left" ><img loading="lazy" decoding="async" src="https://www.agnata.com/wp-content/uploads/2016/04/Il-Giardino-Agnata-06.jpg"  width="1920" height="1080" alt="" title="" /></div><div  class="full-block align-left" ><img loading="lazy" decoding="async" src="https://www.agnata.com/wp-content/uploads/2016/04/Il-Giardino-Agnata-07.jpg"  width="1920" height="1080" alt="" title="" /></div><div  class="full-block align-left" ><img loading="lazy" decoding="async" src="https://www.agnata.com/wp-content/uploads/2016/04/Il-Giardino-Agnata-08.jpg"  width="1920" height="1080" alt="" title="" /></div><div  class="full-block align-left" ><img loading="lazy" decoding="async" src="https://www.agnata.com/wp-content/uploads/2016/04/Il-Giardino-Agnata-09.jpg"  width="1920" height="1080" alt="" title="" /></div></div></div></div></section><section  class="content-section full-width with-col cover no-padding no-margin    content-section-69f4335980bd7"><div class="row vc_row-fluid"><div class="wpb_column col-md-12"><div class="section-text text-block align-left" style="font-size:15px;"><p>We are in the green and pulsating heart of the 150 hectares of the estate. A luxuriant oasis with poetic floral geometries meticulously designed by Fabrizio De André who at l&#8217;Agnata found himself fervent and passionate gardener. The garden is a triumph of vegetation, a hymn to the beauty of nature, its colors and its scents, among pendulous birches and almond trees, lemons and asphodels, cork and gorse. Figs and camellias. It was he who covered the facade of the farmhouse with the characteristic Canadian vine, inspired by the memories of childhood and the grandmother&#8217;s house in Piedmont. He also cultivated the vegetable garden bordering the garden and designed the splendid pergola that today serves as the entrance to the hotel.</p>
<p>The music of this garden is the rustle of the trees shaken by the mistral. It is the bubbling of water in the Zen fountain, obtained from an ancient goat drinking trough. It is the sound of the streams that flow behind the house and flow into the lake a few steps away, embraced by the forest of holm oaks and cork trees. Timeless music accessible to anyone with ears to listen to it.</p>
<p>We talk about the garden, but maybe we could venture to call it &#8230; Eden.</p>
</div></div></div></section>

THE GARDENSo Fabrizio De André wanted it with the passionate complicity of Dori Ghezzi. The romantic pergola, the trees, plants and flowers, the study of the spaces, the Zen fountain, are a hymn to the earth. The result of an inspired care and a deep love, which can still be breathed today and offer glimpses

<!-- This site is optimized with the Yoast SEO plugin v20.0 - https://yoast.com/wordpress/plugins/seo/ -->
<title>IL Giardino dell&#039;Agnata di De André | Country Hotel in Sardegna</title>
<meta name="description" content="Il giardino dell&#039;Agnata di De André (Country Chic hotel in Sardegna) fu creato da Fabrizio De André. Scoprilo on-line!" />
<meta name="robots" content="index, follow, max-snippet:-1, max-image-preview:large, max-video-preview:-1" />
<link rel="canonical" href="https://www.agnata.com/en/the-garden/" />
<meta property="og:locale" content="en_US" />
<meta property="og:type" content="article" />
<meta property="og:title" content="IL Giardino dell&#039;Agnata di De André | Country Hotel in Sardegna" />
<meta property="og:description" content="Il giardino dell&#039;Agnata di De André (Country Chic hotel in Sardegna) fu creato da Fabrizio De André. Scoprilo on-line!" />
<meta property="og:url" content="https://www.agnata.com/en/the-garden/" />
<meta property="og:site_name" content="L&#039;Agnata di De André" />
<meta property="article:modified_time" content="2020-06-10T12:42:59+00:00" />
<meta name="twitter:card" content="summary_large_image" />
<meta name="twitter:label1" content="Est. reading time" />
	<meta name="twitter:data1" content="2 minutes" />
<script type="application/ld+json" class="yoast-schema-graph">{"@context":"https://schema.org","@graph":[{"@type":"WebPage","@id":"https://www.agnata.com/en/the-garden/","url":"https://www.agnata.com/en/the-garden/","name":"IL Giardino dell'Agnata di De André | Country Hotel in Sardegna","isPartOf":{"@id":"https://www.agnata.com/#website"},"datePublished":"2016-04-16T18:24:42+00:00","dateModified":"2020-06-10T12:42:59+00:00","description":"Il giardino dell'Agnata di De André (Country Chic hotel in Sardegna) fu creato da Fabrizio De André. Scoprilo on-line!","breadcrumb":{"@id":"https://www.agnata.com/en/the-garden/#breadcrumb"},"inLanguage":"en-US","potentialAction":[{"@type":"ReadAction","target":["https://www.agnata.com/en/the-garden/"]}]},{"@type":"BreadcrumbList","@id":"https://www.agnata.com/en/the-garden/#breadcrumb","itemListElement":[{"@type":"ListItem","position":1,"name":"Home","item":"https://www.agnata.com/en/"},{"@type":"ListItem","position":2,"name":"The Garden"}]},{"@type":"WebSite","@id":"https://www.agnata.com/#website","url":"https://www.agnata.com/","name":"L&#039;Agnata di De André","description":"Boutique Hotel Sardinia / Country Chic Hotel Sardinia / Romantic Hotel Sardinia","potentialAction":[{"@type":"SearchAction","target":{"@type":"EntryPoint","urlTemplate":"https://www.agnata.com/?s={search_term_string}"},"query-input":"required name=search_term_string"}],"inLanguage":"en-US"}]}</script>
<!-- / Yoast SEO plugin. -->

IL Giardino dell'Agnata di De André | Country Hotel in Sardegna

Il giardino dell'Agnata di De André (Country Chic hotel in Sardegna) fu creato da Fabrizio De André. Scoprilo on-line!

L&#039;Agnata di De André
